{"version":"1.0","provider_name":"National Airlines Council of Canada","provider_url":"https:\/\/airlinecouncil.ca\/fr\/","author_name":"janet","author_url":"https:\/\/airlinecouncil.ca\/fr\/author\/janet-nacc\/","title":"CHARTRE DES DROITS DES PASSAGERS &#8211; National Airlines Council of Canada","type":"rich","width":600,"height":338,"html":"<blockquote class=\"wp-embedded-content\" data-secret=\"jiWf4LfS01\"><a href=\"https:\/\/airlinecouncil.ca\/fr\/chartre-des-droits-des-passagers\/\">CHARTRE DES DROITS DES PASSAGERS<\/a><\/blockquote><iframe sandbox=\"allow-scripts\" security=\"restricted\" src=\"https:\/\/airlinecouncil.ca\/fr\/chartre-des-droits-des-passagers\/embed\/#?secret=jiWf4LfS01\" width=\"600\" height=\"338\" title=\"\u00ab\u00a0CHARTRE DES DROITS DES PASSAGERS\u00a0\u00bb &#8212; National Airlines Council of Canada\" data-secret=\"jiWf4LfS01\" frameborder=\"0\" marginwidth=\"0\" marginheight=\"0\" scrolling=\"no\" class=\"wp-embedded-content\"><\/iframe><script type=\"text\/javascript\">\n\/* <![CDATA[ *\/\n\/*! This file is auto-generated *\/\n!function(d,l){\"use strict\";l.querySelector&&d.addEventListener&&\"undefined\"!=typeof URL&&(d.wp=d.wp||{},d.wp.receiveEmbedMessage||(d.wp.receiveEmbedMessage=function(e){var t=e.data;if((t||t.secret||t.message||t.value)&&!\/[^a-zA-Z0-9]\/.test(t.secret)){for(var s,r,n,a=l.querySelectorAll('iframe[data-secret=\"'+t.secret+'\"]'),o=l.querySelectorAll('blockquote[data-secret=\"'+t.secret+'\"]'),c=new RegExp(\"^https?:$\",\"i\"),i=0;i<o.length;i++)o[i].style.display=\"none\";for(i=0;i<a.length;i++)s=a[i],e.source===s.contentWindow&&(s.removeAttribute(\"style\"),\"height\"===t.message?(1e3<(r=parseInt(t.value,10))?r=1e3:~~r<200&&(r=200),s.height=r):\"link\"===t.message&&(r=new URL(s.getAttribute(\"src\")),n=new URL(t.value),c.test(n.protocol))&&n.host===r.host&&l.activeElement===s&&(d.top.location.href=t.value))}},d.addEventListener(\"message\",d.wp.receiveEmbedMessage,!1),l.addEventListener(\"DOMContentLoaded\",function(){for(var e,t,s=l.querySelectorAll(\"iframe.wp-embedded-content\"),r=0;r<s.length;r++)(t=(e=s[r]).getAttribute(\"data-secret\"))||(t=Math.random().toString(36).substring(2,12),e.src+=\"#?secret=\"+t,e.setAttribute(\"data-secret\",t)),e.contentWindow.postMessage({message:\"ready\",secret:t},\"*\")},!1)))}(window,document);\n\/\/# sourceURL=https:\/\/airlinecouncil.ca\/wp-includes\/js\/wp-embed.min.js\n\/* ]]> *\/\n<\/script>\n","description":"Par Massimo Bergamini R\u00e9pondant aux r\u00e9cents appels des transporteurs a\u00e9riens et des a\u00e9roports canadiens, et m\u00eame d\u2019un important syndicat canadien demandant de reporter le lancement de sa \u00ab charte des droits des passagers \u00bb pr\u00e9vu pour le 1er juillet, le ministre des Transports Marc Garneau a indiqu\u00e9 au r\u00e9seau CBC\u00a0: \u00ab Nous travaillons sur ce [&hellip;]","thumbnail_url":"https:\/\/airlinecouncil.ca\/wp-content\/uploads\/2021\/05\/news-placeholder.jpg","thumbnail_width":1920,"thumbnail_height":1280}

Par Massimo Bergamini Répondant aux récents appels des transporteurs aériens et des aéroports canadiens, et même d’un important syndicat canadien demandant de reporter le lancement de sa « charte des droits des passagers » prévu pour le 1er juillet, le ministre des Transports Marc Garneau a indiqué au réseau CBC : « Nous travaillons sur ce [&hellip;]
